e number?
False
Is 56526771115 a composite number?
True
Is 6105597409 a composite number?
False
Is 641805691 prime?
True
Is 87578409383 a composite number?
True
Is 11693783 prime?
False
Is 185785331 a prime number?
True
Is 5269011883 composite?
True
Is 5990256835 a prime number?
False
Is 12245860321 composite?
False
Is 1712556163 a composite number?
True
Is 108189878827 composite?
True
Is 41381762299 composite?
True
Is 1087173253 a prime number?
True
Is 101849743 prime?
True
Is 241507769 a composite number?
True
Is 3038956087 a composite number?
True
Is 1636598807 composite?
False
Is 1587583213 a composite number?
False
Is 28525785671 composite?
False
Is 1977736333 a prime number?
False
Is 2542673197 a prime number?
False
Is 490271357 composite?
False
Is 237085073 a composite number?
True
Is 4164411169 composite?
True
Is 5596114553 a prime number?
False
Is 7344021149 prime?
True
Is 6869553803 composite?
True
Is 2022871223 a prime number?
True
Is 85318453 composite?
True
Is 9834421321 a prime number?
True
Is 16576913329 a composite number?
True
Is 360191231 a composite number?
False
Is 5629295047 prime?
True
Is 535394999 a prime number?
True
Is 10561331353 a composite number?
False
Is 1697460953 composite?
True
Is 967868186279 prime?
True
Is 87424980907 prime?
False
Is 44323062217 composite?
True
Is 755660947 composite?
True
Is 162280869115 a composite number?
True
Is 370353827 a prime number?
True
Is 37766749661 composite?
False
Is 26113892689 a prime number?
True
Is 3093014689 a prime number?
False
Is 61367390683 a prime number?
False
Is 2203632995 prime?
False
Is 1197467773 prime?
True
Is 89814881329 a composite number?
False
Is 41018718817 a composite number?
False
Is 10182902497 a prime number?
False
Is 6438855691 prime?
False
Is 882022489 a prime number?
False
Is 22548119753 composite?
True
Is 580230293 a prime number?
True
Is 28369732297 prime?
True
Is 4316471327 composite?
True
Is 1548224201 prime?
True
Is 95943192187 a prime number?
True
Is 5630006549 composite?
True
Is 1405034273 a prime number?
True
Is 3703917479 composite?
True
Is 9889189223 composite?
False
Is 515572859 composite?
False
Is 472554595 composite?
True
Is 2012812127 a composite number?
True
Is 3077133923 a composite number?
True
Is 13970663519 a prime number?
False
Is 226882795 prime?
False
Is 2403123031 a composite number?
False
Is 130425923 composite?
True
Is 7731292823 prime?
True
Is 834198821 a composite number?
False
Is 19504850851 prime?
False
Is 25668535483 prime?
True
Is 20864156149 composite?
True
Is 9603937907 composite?
False
Is 145495370407 composite?
True
Is 1009662749 prime?
False
Is 50334223073 a prime number?
True
Is 961864951 composite?
True
Is 33922536797 composite?
True
Is 406290427 a composite number?
True
Is 63980563601 a prime number?
True
Is 10502791549 a composite number?
False
Is 118099127 a prime number?
False
Is 367557233 composite?
False
Is 283782564733 prime?
True
Is 5885671109 a prime number?
False
Is 1076164381 a composite number?
False
Is 10764890009 a composite number?
False
Is 28967339473 composite?
True
Is 3619703201 a prime number?
True
Is 14486608523 prime?
False
Is 2490460477 a prime number?
True
Is 335593289 composite?
False
Is 738817781 a prime number?
False
Is 20767223371 prime?
True
Is 2315005283 prime?
False
Is 3886466083 composite?
True
Is 3646197157 prime?
True
Is 310945153 prime?
True
Is 19006187231 a prime number?
True
Is 80260589 prime?
True
Is 1841596873 composite?
True
Is 58811825951 a prime number?
True
Is 27737722277 a composite number?
False
Is 647939977 a prime number?
True
Is 7044253193 prime?
False
Is 2320185317 prime?
True
Is 2592100307 a prime number?
True
Is 141960019 a prime number?
True
Is 1645649081 composite?
False
Is 647144101 a composite number?
True
Is 8865708629 prime?
True
Is 512855471 a prime number?
False
Is 8273624371 a prime number?
True
Is 1270005193 prime?
False
Is 11153676827 a prime number?
True
Is 12107517619 composite?
True
Is 190572463 prime?
False
Is 3369430093 a prime number?
False
Is 66481485253 prime?
True
Is 81717360457 composite?
True
Is 69879301993 a prime number?
False
Is 1225138969 a composite number?
True
Is 495683927 prime?
False
Is 2187538747 composite?
False
Is 3618545171 a prime number?
True
Is 43834777169 prime?
True
Is 35381273 a composite number?
True
Is 1089755218 prime?
False
Is 3795850811 a prime number?
True
Is 10471426219 a composite number?
True
Is 689806331 composite?
True
Is 3922986659 a composite number?
False
Is 836939627 a prime number?
True
Is 26237039 a prime number?
False
Is 38708175349 composite?
False
Is 263234753 prime?
False
Is 23258810683 prime?
False
Is 424986299 composite?
False
Is 9453239827 composite?
True
Is 21741520607 composite?
True
Is 4855561897 a composite number?
True
Is 1243567177 prime?
False
Is 6548303591 a composite number?
False
Is 21557644197 composite?
True
Is 956061058 a composite number?
True
Is 1316354993 prime?
False
Is 92286869 composite?
False
Is 2081844781 a composite number?
True
Is 200628719 composite?
False
Is 107741903 composite?
True
Is 26310480199 prime?
True
Is 11632361411 composite?
True
Is 7160801617 a prime number?
False
Is 12317059501 a composite number?
False
Is 33969686269 prime?
True
Is 5191125319 a prime number?
True
Is 1429577477 a composite number?
True
Is 8389501823 a composite number?
False
Is 157193727 prime?
False
Is 3477182627 a composite number?
False
Is 31669099981 a composite number?
False
Is 3027484139 a composite number?
False
Is 1881182483 prime?
False
Is 430481813 a composite number?
True
Is 14558893513 a prime number?
False
Is 3685758269 composite?
False
Is 872432357 composite?
False
Is 69563777 prime?
True
Is 113301739 a prime number?
True
Is 53257243346 composite?
True
Is 99237964051 prime?
False
Is 2064781267 a prime number?
False
Is 3699003797 composite?
False
Is 19549027739 composite?
False
Is 4673473289 a composite number?
True
Is 1638107 composite?
False
Is 277292786891 composite?
False
Is 83103445603 composite?
True
Is 13158778877 prime?
True
Is 6631066961 a composite number?
True
Is 3293550073 composite?
True
Is 3579099413 a prime number?
True
Is 2740732921 composite?
False
Is 47071616491 a composite number?
False
Is 348586267 a prime number?
True
Is 7468456451 composite?
True
Is 199936242007 composite?
False
Is 6488530331 a prime number?
True
Is 25469726831 a composite number?
False
Is 178924043 prime?
True
Is 29194565671 prime?
False
Is 1599059093 a prime number?
True
Is 13699633187 a composite number?
True
Is 12222995483 composite?
False
Is 2130061151 composite?
True
Is 10347564926 a prime number?
False
Is 116456248823 a composite number?
False
Is 28877219443 a composite number?
True
Is 643857023 a composite number?
False
Is 13772744957 composite?
False
Is 3913514999 a composite number?
True
Is 162288187 composite?
False
Is 312803761 composite?
True
Is 12295642687 prime?
True
Is 98402777 prime?
False
Is 18247277393 prime?
False
Is 105518363 prime?
True
Is 118816952855 a prime number?
False
Is 668518339 prime?
False
Is 14490236639 a prime number?
True
Is 32603388431 a composite number?
False
Is 7831303849 composite?
True
Is 2640732331 prime?
True
Is 1275819937 prime?
False
Is 317816443229 a composite number?
False
Is 1040979311 a composite number?
False
Is 11999079409 a prime number?
True
Is 1173856291 a composite number?
False
Is 1122710723 a prime number?
True
Is 4083031411 composite?
True
Is 944529358 composite?
True
Is 53368723301 a prime number?
False
Is 1686518495 a composite number?
True
Is 13835440841 composite?
False
Is 3418350469 composite?
False
Is 837047863 a prime number?
False
Is 2728480477 composite?
True
Is 17543736589 a prime number?
True
Is 2758903955 composite?
True
Is 10655130173 composite?
True
Is 490153987 composite?
False
Is 4976883611 composite?
True
Is 3833720749 a prime number?
True
Is 534637205 prime?
False
Is 70744248017 composite?
False
Is 2091332743 a prime number?
False
Is 37640647955 composite?
True
Is 3055762561 composite?
False
Is 250734115189 a composite number?
False
Is 2922765757 a prime number?
False
Is 26497519 prime?
False
Is 8509413893 prime?
False
Is 100677614041 prime?
False
Is 2199007651 a prime number?
True
Is 36559856577 prime?
False
Is 9467